 22384811.
41, 43, 12697
List the prime factors of 80538801.
3, 7, 23, 41, 83
List the prime factors of 60892464.
2, 3, 1268593
What are the prime factors of 41936344?
2, 19, 275897
What are the prime factors of 29596255?
5, 13, 43, 10589
What are the prime factors of 27944003?
19, 103, 109, 131
What are the prime factors of 282013299?
3, 10444937
What are the prime factors of 3511428574?
2, 17, 103277311
List the prime factors of 338292488.
2, 42286561
What are the prime factors of 613658288?
2, 149, 257407
List the prime factors of 1079554929.
3, 71, 5068333
List the prime factors of 711521281.
17, 41854193
List the prime factors of 6203922848.
2, 23, 8429243
List the prime factors of 742672783.
23, 32290121
List the prime factors of 5058397776.
2, 3, 105383287
What are the prime factors of 4187046738?
2, 3, 7, 29, 3437641
What are the prime factors of 5420379655?
5, 137, 283, 27961
What are the prime factors of 14533049?
14533049
List the prime factors of 1369384206.
2, 3, 1423, 160387
List the prime factors of 45455126.
2, 61, 229, 1627
What are the prime factors of 332007265?
5, 2003, 33151
List the prime factors of 285892982.
2, 43, 1663, 1999
What are the prime factors of 461848855?
5, 13, 23, 308929
List the prime factors of 976836449.
976836449
What are the prime factors of 862822226?
2, 7, 61630159
List the prime factors of 735007550.
2, 5, 23, 639137
What are the prime factors of 45169118?
2, 19, 1188661
List the prime factors of 19602629.
229, 85601
List the prime factors of 48922827.
3, 16307609
What are the prime factors of 1532888743?
491, 3121973
List the prime factors of 39368287.
7, 5624041
List the prime factors of 3487345363.
5557, 627559
List the prime factors of 293106985.
5, 59, 79, 12577
What are the prime factors of 1766667485?
5, 11, 587, 54721
What are the prime factors of 41380546?
2, 317, 65269
List the prime factors of 4591976350.
2, 5, 13, 7064579
What are the prime factors of 3918975148?
2, 11, 113, 788209
What are the prime factors of 5976951?
3, 487, 4091
What are the prime factors of 4559024?
2, 83, 3433
List the prime factors of 75777738.
2, 3, 17, 19, 61, 641
List the prime factors of 316433824.
2, 7, 1412651
What are the prime factors of 30999823?
17, 863, 2113
What are the prime factors of 224593650?
2, 3, 5, 337, 1481
What are the prime factors of 157915964?
2, 39478991
List the prime factors of 71716471.
37, 197, 9839
List the prime factors of 7554868635.
3, 5, 19, 26508311
What are the prime factors of 152028791?
152028791
List the prime factors of 212814627.
3, 70938209
List the prime factors of 6349290798.
2, 3, 17, 29, 37, 58013
What are the prime factors of 1738712689?
7, 17, 47, 293, 1061
List the prime factors of 31102270.
2, 5, 3110227
List the prime factors of 58273551.
3, 7, 19, 89, 547
What are the prime factors of 336227771?
11, 83, 113, 3259
What are the prime factors of 59657325?
3, 5, 7, 13, 8741
What are the prime factors of 266189910?
2, 3, 5, 7, 17, 173, 431
What are the prime factors of 1996714770?
2, 3, 5, 17, 3915127
List the prime factors of 24185562.
2, 3, 4030927
List the prime factors of 11379693.
3, 13, 431, 677
List the prime factors of 46177970.
2, 5, 47, 98251
List the prime factors of 1216757736.
2, 3, 16899413
List the prime factors of 289741649.
23, 12597463
List the prime factors of 15025971.
3, 5008657
List the prime factors of 113403007.
41, 2765927
What are the prime factors of 8082370363?
8082370363
What are the prime factors of 233575706?
2, 7, 13, 1283383
List the prime factors of 58121059.
58121059
What are the prime factors of 14973733?
41, 365213
What are the prime factors of 16363913?
16363913
List the prime factors of 4606038975.
3, 5, 103, 596251
List the prime factors of 479376688.
2, 7, 19, 47, 4793
List the prime factors of 409144056.
2, 3, 23, 251, 2953
What are the prime factors of 119076166?
2, 11, 5412553
List the prime factors of 293860999.
293860999
What are the prime factors of 715001125?
5, 2237, 2557
What are the prime factors of 569223969?
3, 71, 2672413
List the prime factors of 477305324.
2, 383, 311557
What are the prime factors of 1831447530?
2, 3, 5, 11, 61, 919
What are the prime factors of 1387533575?
5, 55501343
What are the prime factors of 479775349?
479775349
List the prime factors of 2412640284.
2, 3, 47, 409, 10459
List the prime factors of 4330410890.
2, 5, 13, 43, 774671
List the prime factors of 16240243.
1901, 8543
List the prime factors of 68368333.
11, 467, 13309
List the prime factors of 577498067.
577498067
What are the prime factors of 3231064693?
17, 190062629
List the prime factors of 79434300.
2, 3, 5, 11, 24071
List the prime factors of 814535297.
17, 59, 743, 1093
What are the prime factors of 1660717905?
3, 5, 7, 11, 1437851
List the prime factors of 8993717.
89, 139, 727
What are the prime factors of 16020147?
3, 11, 13, 107, 349
List the prime factors of 888520648.
2, 59, 1882459
What are the prime factors of 3124475136?
2, 3, 1356109
List the prime factors of 28526701.
7, 4075243
What are the prime factors of 81775439?
37, 2210147
What are the prime factors of 2229908445?
3, 5, 17, 2914913
List the prime factors of 271889319.
3, 13, 761, 9161
What are the prime factors of 93931378?
2, 46965689
What are the prime factors of 6858616?
2, 17, 29, 37, 47
List the prime factors of 47016005.
5, 101, 157, 593
List the prime factors of 159263718.
2, 3, 17, 97, 16097
List the prime factors of 69944836.
2, 13, 47, 28619
List the prime factors of 438415904.
2, 13700497
What are the prime factors of 175759057?
31, 83, 823
What are the prime factors of 925262156?
2, 7, 13, 89
List the prime factors of 4199528783.
109, 38527787
What are the prime factors of 2353391975?
5, 11, 1279, 6691
What are the prime factors of 2700352960?
2, 5, 19, 31, 14327
List the prime factors of 22695289.
17, 53, 25189
What are the prime factors of 45629309?
11, 17, 23, 103
What are the prime factors of 111015511?
111015511
What are the prime factors of 28008275?
5, 73, 103, 149
What are the prime factors of 641457874?
2, 41, 7822657
List the prime factors of 594169645.
5, 118833929
List the prime factors of 513702130.
2, 5, 51370213
List the prime factors of 326748398.
2, 17, 1747, 5501
List the prime factors of 51084879.
3, 2351, 7243
What are the prime factors of 578394629?
79, 7321451
What are the prime factors of 653670939?
3, 2741, 79493
List the prime factors of 1740268506.
2, 3, 383, 757297
What are the prime factors of 2855444330?
2, 5, 11969, 23857
List the prime factors of 215567447.
109, 197, 10039
What are the prime factors of 869318964?
2, 3, 29, 832681
List the prime factors of 68065531.
79, 861589
What are the prime factors of 202494522?
2, 3, 33749087
List the prime factors of 495040476.
2, 3, 7, 17, 346667
List the prime factors of 13726381.
89, 154229
What are the prime factors of 97901746?
2, 157, 167, 1867
What are the prime factors of 1913868422?
2, 1811, 528401
List the prime factors of 1503226303.
109, 229, 60223
List the prime factors of 520081512.
2, 3, 21670063
What are the prime factors of 83740038?
2, 3, 2749, 5077
List the prime factors of 432455316.
2, 3, 17, 2119879
List the prime factors of 30682077.
3, 10227359
What are the prime factors of 23330438?
2, 79, 147661
What are the prime factors of 548072041?
11, 4529521
List the prime factors of 125762896.
2, 7, 23, 48821
List the prime factors of 2122254090.
2, 3, 5, 11, 53, 3677
What are the prime factors of 470717928?
2, 3, 359, 18211
List the prime factors of 123640541.
17, 643, 11311
List the prime factors of 650967534.
2, 3, 7, 2179, 2371
List the prime factors of 70594539.
3, 23531513
What are the prime factors of 1403027555?
5, 280605511
List the prime factors of 144248272.
2, 7, 23, 55997
What are the prime factors of 130020454?
2, 17, 71, 53861
List the prime factors of 104691762.
2, 3, 7, 830887
List the prime factors of 56655897.
3, 43, 199, 2207
List the prime factors of 28297932.
2, 3, 13, 181397
List the prime factors of 70406296.
2, 8800787
List the prime factors of 3753473263.
67, 373, 150193
What are the prime factors of 720845592?
2, 3, 30035233
What are the prime factors of 36935249?
13, 83, 34231
List the prime factors of 3244052665.
5, 7, 29, 3196